 is the tens digit of 98?
9
What is the units digit of 13373?
3
What is the units digit of 828?
8
What is the tens digit of 42008?
0
What is the thousands digit of 5246?
5
What is the tens digit of 6925?
2
What is the thousands digit of 1895?
1
What is the thousands digit of 9058?
9
What is the thousands digit of 2050?
2
What is the tens digit of 3772?
7
What is the hundreds digit of 27432?
4
What is the ten thousands digit of 18869?
1
What is the thousands digit of 1035?
1
What is the hundreds digit of 36747?
7
What is the units digit of 1308?
8
What is the units digit of 879?
9
What is the hundreds digit of 2203?
2
What is the ten thousands digit of 29009?
2
What is the tens digit of 9037?
3
What is the thousands digit of 155241?
5
What is the tens digit of 944?
4
What is the hundreds digit of 2997?
9
What is the units digit of 21565?
5
What is the thousands digit of 1172?
1
What is the units digit of 792?
2
What is the hundreds digit of 155536?
5
What is the units digit of 12620?
0
What is the units digit of 798?
8
What is the hundreds digit of 50761?
7
What is the hundreds digit of 4528?
5
What is the thousands digit of 24390?
4
What is the thousands digit of 22041?
2
What is the units digit of 75425?
5
What is the thousands digit of 2972?
2
What is the tens digit of 63?
6
What is the units digit of 12596?
6
What is the hundreds digit of 535?
5
What is the hundreds digit of 115839?
8
What is the units digit of 1088?
8
What is the thousands digit of 7320?
7
What is the thousands digit of 1519?
1
What is the hundreds digit of 7260?
2
What is the units digit of 12909?
9
What is the units digit of 6116?
6
What is the hundreds digit of 4775?
7
What is the ten thousands digit of 38580?
3
What is the thousands digit of 31709?
1
What is the units digit of 1579?
9
What is the tens digit of 87651?
5
What is the tens digit of 2020?
2
What is the thousands digit of 58478?
8
What is the thousands digit of 1072?
1
What is the units digit of 18402?
2
What is the tens digit of 4052?
5
What is the tens digit of 11865?
6
What is the ten thousands digit of 13901?
1
What is the units digit of 156?
6
What is the tens digit of 954?
5
What is the tens digit of 1549?
4
What is the units digit of 2095?
5
What is the hundreds digit of 1476?
4
What is the tens digit of 1472?
7
What is the tens digit of 431?
3
What is the units digit of 2711?
1
What is the tens digit of 4685?
8
What is the units digit of 4479?
9
What is the tens digit of 1476?
7
What is the thousands digit of 6585?
6
What is the units digit of 1998?
8
What is the units digit of 5405?
5
What is the units digit of 44105?
5
What is the hundreds digit of 2028?
0
What is the tens digit of 853?
5
What is the units digit of 44221?
1
What is the ten thousands digit of 21355?
2
What is the hundreds digit of 2692?
6
What is the hundreds digit of 47622?
6
What is the thousands digit of 2837?
2
What is the tens digit of 104054?
5
What is the units digit of 30?
0
What is the hundreds digit of 6805?
8
What is the hundreds digit of 569?
5
What is the hundreds digit of 343?
3
What is the hundreds digit of 2586?
5
What is the tens digit of 20473?
7
What is the units digit of 1805?
5
What is the tens digit of 18637?
3
What is the units digit of 881?
1
What is the tens digit of 3515?
1
What is the units digit of 123200?
0
What is the thousands digit of 79849?
9
What is the units digit of 126903?
3
What is the hundreds digit of 8140?
1
What is the hundreds digit of 1397?
3
What is the units digit of 2861?
1
What is the thousands digit of 6253?
6
What is the tens digit of 747?
4
What is the hundreds digit of 1336?
3
What is the tens digit of 217?
1
What is the tens digit of 1951?
5
What is the units digit of 31398?
8
What is the units digit of 913?
3
What is the tens digit of 7339?
3
What is the units digit of 89315?
5
What is the hundreds digit of 21635?
6
What is the tens digit of 4717?
1
What is the tens digit of 613?
1
What is the hundreds digit of 36333?
3
What is the tens digit of 194?
9
What is the thousands digit of 14376?
4
What is the hundreds digit of 482?
4
What is the thousands digit of 1931?
1
What is the hundreds digit of 3735?
7
What is the tens digit of 15905?
0
What is the units digit of 916?
6
What is the ten thousands digit of 21735?
2
What is the units digit of 63210?
0
What is the tens digit of 40175?
7
What is the tens digit of 893?
9
What is the tens digit of 36484?
8
What is the hundreds digit of 2719?
7
What is the hundreds digit of 15327?
3
What is the units digit of 684?
4
What is the thousands digit of 1491?
1
What is the hundreds digit of 93254?
2
What is the tens digit of 122787?
8
What is the hundreds digit of 1941?
9
What is the tens digit of 1374?
7
What is the units digit of 8325?
5
What is the hundreds digit of 288?
2
What is the units digit of 2267?
7
What is the units digit of 839?
9
What is the tens digit of 218?
1
What is the hundreds digit of 10632?
6
What is the thousands digit of 6887?
6
What is the units digit of 23926?
6
What is the hundreds digit of 508?
5
What is the hundreds digit of 20841?
8
What is the hundreds digit of 7037?
0
What is the hundreds digit of 115989?
9
What is the thousands digit of 54879?
4
What is the tens digit of 553?
5
What is the thousands digit of 1729?
1
What is the ten thousands digit of 79804?
7
What is the units digit of 789?
9
What is the hundreds digit of 44359?
3
What is the hundreds digit of 1755?
7
What is the hundreds digit of 90305?
3
What is the tens digit of 15158?
5
What is the tens digit of 4944?
4
What is the thousands digit of 81358?
1
What is the thousands digit of 5093?
5
What is the units digit of 3265?
5
What is the thousands digit of 87524?
7
What is the units digit of 3971?
1
What is the hundreds digit of 5839?
8
What is the hundreds digit of 2299?
2
What is the tens digit of 19623?
2
What is the tens digit of 7068?
6
What is the hundreds digit of 733?
7
What is the ten thousands digit of 21419?
2
What is the units digit of 1524?
4
What is the units digit of 8039?
9
What is the thousands digit of 24720?
4
What is the tens digit of 30274?
7
What is the hundreds digit of 7080?
0
What is the thousands digit of 1100?
1
What is the tens digit of 383?
8
What is the thousands digit of 8074?
8
What is the tens digit of 1224?
2
What is the hundreds digit of 78067?
0
What is the hundreds digit of 1439?
4
What is the thousands digit of 2285?
2
What is the units digit of 6365?
5
What is the hundreds digit of 208?
2
What is the tens digit of 3049?
4
What is the units digit of 106097?
7
What is the tens digit of 7029?
2
What is the thousands digit of 1435?
1
What is the units digit of 4041?
1
What is the units digit of 597?
7
What is the ten thousands digit of 136548?
3
What is the units digit of 1390?
0
What is the tens digit of 11981?
8
What is the tens digit of 71117?
1
What is the tens digit of 44768?
6
What is the units digit of 37615?
5
What is the hundreds digit of 781?
7
What is the hundreds digit of 722?
7
What is the tens digit of 1773?
7
What is the units digit of 221?
1
What is the thousands digit of 1543?
1
What is the hundreds digit of 3048?
0
What is the units digit of 2200?
0
What is the hundreds digit of 1854?
8
What is the units digit of 715?
5
What is the hundred thousands digit of 104641?
1
What is the units digit of 3710?
0
What is the hundreds digit of 1260?
2
What is the tens digit of 1110?
1
What is the hundreds digit of 1146?
1
What is the thousands digit of 8677?
8
What is the tens digit of 26359?
5
What is the hundreds digit of 95183?
1
What is the units digit of 7771?
1
What is the units digit of 3604?
4
What is the units digit of 589?
9
What is the tens digit of 1128?
2
What is the thousands digit of 10732?
0
What is the thousands digit of 60789?
0
What is the ten thousands digit of 19973?
1
What is the units digit of 24744?
4
What is the tens digit of 781?
8
What is the tens digit of 5495?
9
What is the tens digit of 117191?
9
What is the units digit of 259?
9
What is the hundreds digit of 6836?
8
What is the hundreds digit of 5097?
0
What is the hundreds digit of 1646?
6
What is the thousands digit of 26189?
6
What is the tens digit of 6390?
9
What is the tens digit of 1001?
0
What is the tens digit of 528